{"id":36,"date":"2014-09-20T11:49:12","date_gmt":"2014-09-20T09:49:12","guid":{"rendered":"http:\/\/wordpress.eggert-entertainment.de\/?page_id=36"},"modified":"2024-10-21T11:19:04","modified_gmt":"2024-10-21T09:19:04","slug":"unverbindlich-anfragen","status":"publish","type":"page","link":"https:\/\/www.fehlhaber-gmbh.de\/index.php\/unverbindlich-anfragen\/","title":{"rendered":"Unverbindlich Anfragen"},"content":{"rendered":"<p>Hier erhalten Sie umgehend Auskunft zu Ihrer Anfrage! Wir freuen uns auf Sie und Ihr Projekt!<\/p>\n<h2>Telefon<\/h2>\n<p>+49 (0) 5841 96 12 78<\/p>\n<p>(Mo.-Fr., 08.00 \u2013 16.00 Uhr)<\/p>\n<h2>Email<\/h2>\n<p><a href=\"mailto:info@fehlhaber-gmbh.de\">info@fehlhaber-gmbh.de<\/a><\/p>\n<h2>Anfragenformular<\/h2>\n\n\n<!-- Fast Secure Contact Form plugin 4.0.52 - begin - FastSecureContactForm.com -->\n<div style=\"clear:both;\"><\/div>\n<p>Fragen Sie jetzt unverbindlich f\u00fcr Ihren Wunschtermin an<\/p>\n<div id=\"FSContact1\" style=\"width:99%; max-width:555px;\">\n<form action=\"https:\/\/www.fehlhaber-gmbh.de\/index.php\/wp-json\/wp\/v2\/pages\/36#FSContact1\" id=\"fscf_form1\" method=\"post\">\n\n<div id=\"fscf_required1\">\n  <span style=\"text-align:left;\">*<\/span> <span style=\"text-align:left;\">Pflichtfeld, bitte f\u00fcllen Sie mindestens die gekennzeichneten Felder aus<\/span>\n<\/div>\n\n\n<div id=\"fscf_div_clear1_4\" style=\"clear:both;\">\n  <div id=\"fscf_div_field1_4\" style=\"clear:left; float:left; width:99%; max-width:500px; margin-right:10px;\">\n\n    <div style=\"clear:both;\"><\/div>\n<br \/>\r\n<b>Informationen zu Ihrer Veranstaltung<\/b>\n\n    <div  id=\"fscf_label1_4\" style=\"text-align:left; padding-top:5px;\">\n      <label style=\"text-align:left;\" for=\"fscf_field1_4\">Ihr Eventdatum<span style=\"text-align:left;\">*<\/span><\/label>\n    <\/div>\n    <div style=\"text-align:left;\">\n      <input style=\"text-align:left; margin:0; width:99%; max-width:500px;\" type=\"text\" id=\"fscf_field1_4\" name=\"ihr-eventdatum\" value=\"tt.mm.jjjj\"  size=\"15\"  \/>\n    <\/div>\n  <\/div>\n<\/div>\n\n<div id=\"fscf_div_clear1_5\" style=\"clear:both;\">\n  <div id=\"fscf_div_field1_5\" style=\"clear:left; float:left; width:99%; max-width:500px; margin-right:10px;\">\n    <div  id=\"fscf_label1_5\" style=\"text-align:left; padding-top:5px;\">\n      <label style=\"text-align:left;\" for=\"fscf_field1_5\">Eventort<span style=\"text-align:left;\">*<\/span><\/label>\n    <\/div>\n    <div style=\"text-align:left;\">\n      <input style=\"text-align:left; margin:0; width:99%; max-width:500px;\" type=\"text\" id=\"fscf_field1_5\" name=\"eventort\" value=\"\"  \/>\n    <\/div>\n  <\/div>\n<\/div>\n\n<div id=\"fscf_div_clear1_6\" style=\"clear:both;\">\n  <div id=\"fscf_div_field1_6\" style=\"clear:left; float:left; width:99%; max-width:500px; margin-right:10px;\">\n    <div  id=\"fscf_label1_6\" style=\"text-align:left; padding-top:5px;\">\n      <label style=\"text-align:left;\" for=\"fscf_field1_6\">Eventzeit<\/label>\n    <\/div>\n    <div style=\"text-align:left;\">\n      <select style=\"text-align:left;\" id=\"fscf_field1_6\" name=\"eventzeit[]\">\n        <option value=\"1\">Bitte ausw\u00e4hlen<\/option>\n        <option value=\"2\">Tagesveranstaltung<\/option>\n        <option value=\"3\">Abendveranstaltung<\/option>\n        <option value=\"4\">Mehrtagesveranstaltung<\/option>\n      <\/select>\n    <\/div>\n  <\/div>\n<\/div>\n\n<div id=\"fscf_div_clear1_7\" style=\"clear:both;\">\n  <div id=\"fscf_div_field1_7\" style=\"clear:left; float:left; width:99%; max-width:500px; margin-right:10px;\">\n    <div  id=\"fscf_label1_7\" style=\"text-align:left; padding-top:5px;\">\n      <label style=\"text-align:left;\" for=\"fscf_field1_7\">Eventart<\/label>\n    <\/div>\n    <div style=\"text-align:left;\">\n      <select style=\"text-align:left;\" id=\"fscf_field1_7\" name=\"veranstaltungsart[]\">\n        <option value=\"1\">Bitte ausw\u00e4hlen<\/option>\n        <option value=\"2\">Firmenfeier<\/option>\n        <option value=\"3\">Kultur\/Sportevent<\/option>\n        <option value=\"4\">Messe\/Ausstellung<\/option>\n        <option value=\"5\">Mitgliederversammlung<\/option>\n        <option value=\"6\">Open Air<\/option>\n        <option value=\"7\">\u00d6ffentliches Event<\/option>\n        <option value=\"8\">Pr\u00e4sentation<\/option>\n        <option value=\"9\">Live \u00dcbertagung<\/option>\n        <option value=\"10\">Private Veranstaltung<\/option>\n        <option value=\"11\">Roadshow<\/option>\n        <option value=\"12\">Sonstiges<\/option>\n      <\/select>\n    <\/div>\n  <\/div>\n<\/div>\n\n<div id=\"fscf_div_clear1_3\" style=\"clear:both;\">\n  <div id=\"fscf_div_field1_3\" style=\"clear:left; float:left; width:99%; max-width:500px; margin-right:10px;\">\n    <div style=\"text-align:left; padding-top:5px;\">\n      <label style=\"text-align:left;\" for=\"fscf_field1_3\">Nachricht:<span style=\"text-align:left;\">*<\/span><\/label>\n    <\/div>\n    <div style=\"text-align:left;\">\n      <textarea style=\"text-align:left; margin:0; width:99%; max-width:500px; height:120px;\" id=\"fscf_field1_3\" name=\"message\" cols=\"30\" rows=\"10\" ><\/textarea>\n    <\/div>\n  <\/div>\n<\/div>\n\n<div id=\"fscf_div_clear1_8\" style=\"clear:both;\">\n  <div id=\"fscf_div_field1_8\" style=\"clear:left; float:left; width:99%; max-width:500px; margin-right:10px;\">\n\n    <div style=\"clear:both;\"><\/div>\n<br \/>\r\n<strong>\n\n    <div  id=\"fscf_label1_8\" style=\"text-align:left; padding-top:5px;\">\n      <label style=\"text-align:left;\" for=\"fscf_field1_8\">Was d\u00fcrfen wir Ihnen liefern?<\/label>\n    <\/div>\n    <div style=\"text-align:left;\">\n      <span><input type=\"checkbox\" style=\"width:13px;\" id=\"fscf_field1_8_1\" name=\"Was-koennen-wir-Ihnen-liefern[1]\" value=\"1\" \/> <label style=\"display:inline;\" for=\"fscf_field1_8_1\">Sprachbeschallung<\/label><\/span><br \/>\n      <span><input type=\"checkbox\" style=\"width:13px;\" id=\"fscf_field1_8_2\" name=\"Was-koennen-wir-Ihnen-liefern[2]\" value=\"2\" \/> <label style=\"display:inline;\" for=\"fscf_field1_8_2\">Musikbeschallung\/PA-Anlage\/Tontechnik<\/label><\/span><br \/>\n      <span><input type=\"checkbox\" style=\"width:13px;\" id=\"fscf_field1_8_3\" name=\"Was-koennen-wir-Ihnen-liefern[3]\" value=\"3\" \/> <label style=\"display:inline;\" for=\"fscf_field1_8_3\">Messestand<\/label><\/span><br \/>\n      <span><input type=\"checkbox\" style=\"width:13px;\" id=\"fscf_field1_8_4\" name=\"Was-koennen-wir-Ihnen-liefern[4]\" value=\"4\" \/> <label style=\"display:inline;\" for=\"fscf_field1_8_4\">Projektor\/Beamer mit Leinwand<\/label><\/span><br \/>\n      <span><input type=\"checkbox\" style=\"width:13px;\" id=\"fscf_field1_8_5\" name=\"Was-koennen-wir-Ihnen-liefern[5]\" value=\"5\" \/> <label style=\"display:inline;\" for=\"fscf_field1_8_5\">Display<\/label><\/span><br \/>\n      <span><input type=\"checkbox\" style=\"width:13px;\" id=\"fscf_field1_8_6\" name=\"Was-koennen-wir-Ihnen-liefern[6]\" value=\"6\" \/> <label style=\"display:inline;\" for=\"fscf_field1_8_6\">B\u00fchne<\/label><\/span><br \/>\n      <span><input type=\"checkbox\" style=\"width:13px;\" id=\"fscf_field1_8_7\" name=\"Was-koennen-wir-Ihnen-liefern[7]\" value=\"7\" \/> <label style=\"display:inline;\" for=\"fscf_field1_8_7\">Beleuchtungskonzept\/Illumination<\/label><\/span><br \/>\n      <span><input type=\"checkbox\" style=\"width:13px;\" id=\"fscf_field1_8_8\" name=\"Was-koennen-wir-Ihnen-liefern[8]\" value=\"8\" \/> <label style=\"display:inline;\" for=\"fscf_field1_8_8\">technische Betreuung vor Ort<\/label><\/span><br \/>\n      <span><input type=\"checkbox\" style=\"width:13px;\" id=\"fscf_field1_8_9\" name=\"Was-koennen-wir-Ihnen-liefern[9]\" value=\"9\" \/> <label style=\"display:inline;\" for=\"fscf_field1_8_9\">Mobiles Kino<\/label><\/span><br \/>\n      <span><input type=\"checkbox\" style=\"width:13px;\" id=\"fscf_field1_8_10\" name=\"Was-koennen-wir-Ihnen-liefern[10]\" value=\"10\" \/> <label style=\"display:inline;\" for=\"fscf_field1_8_10\">Seifenkistenrampe<\/label><\/span>\n    <\/div>\n\n    <div style=\"clear:both;\"><\/div>\n<\/strong>\n\n  <\/div>\n<\/div>\n\n<div id=\"fscf_div_clear1_0\" style=\"clear:both;\">\n  <div id=\"fscf_div_field1_0\" style=\"clear:left; float:left; width:99%; max-width:500px; margin-right:10px;\">\n\n    <div style=\"clear:both;\"><\/div>\n<br \/>\r\n<b>Pers\u00f6nliche Angaben<\/b>\n\n    <div style=\"text-align:left; padding-top:5px;\">\n      <label style=\"text-align:left;\" for=\"fscf_f_name1\">Vorname:<span style=\"text-align:left;\">*<\/span><\/label>\n    <\/div>\n    <div style=\"text-align:left;\">\n\t  <input style=\"text-align:left; margin:0; width:99%; max-width:500px;\" type=\"text\" id=\"fscf_f_name1\" name=\"f_name\" value=\"\"  \/>\n    <\/div>\n    <div style=\"text-align:left; padding-top:5px;\">\n      <label style=\"text-align:left;\" for=\"fscf_l_name1\">Nachname:<span style=\"text-align:left;\">*<\/span><\/label>\n    <\/div>\n    <div style=\"text-align:left;\">\n\t  <input style=\"text-align:left; margin:0; width:99%; max-width:500px;\" type=\"text\" id=\"fscf_l_name1\" name=\"l_name\" value=\"\"  \/>\n    <\/div>\n  <\/div>\n<\/div>\n\n<div id=\"fscf_div_clear1_9\" style=\"clear:both;\">\n  <div id=\"fscf_div_field1_9\" style=\"clear:left; float:left; width:99%; max-width:500px; margin-right:10px;\">\n    <div  id=\"fscf_label1_9\" style=\"text-align:left; padding-top:5px;\">\n      <label style=\"text-align:left;\" for=\"fscf_field1_9\">Firma<\/label>\n    <\/div>\n    <div style=\"text-align:left;\">\n      <input style=\"text-align:left; margin:0; width:99%; max-width:500px;\" type=\"text\" id=\"fscf_field1_9\" name=\"Firma\" value=\"\"  \/>\n    <\/div>\n  <\/div>\n<\/div>\n\n<div id=\"fscf_div_clear1_10\" style=\"clear:both;\">\n  <div id=\"fscf_div_field1_10\" style=\"clear:left; float:left; width:99%; max-width:500px; margin-right:10px;\">\n    <div  id=\"fscf_label1_10\" style=\"text-align:left; padding-top:5px;\">\n      <label style=\"text-align:left;\" for=\"fscf_field1_10\">Firmenanschrift<\/label>\n    <\/div>\n    <div style=\"text-align:left;\">\n      <input style=\"text-align:left; margin:0; width:99%; max-width:500px;\" type=\"text\" id=\"fscf_field1_10\" name=\"Firmenanschrift\" value=\"\"  \/>\n    <\/div>\n  <\/div>\n<\/div>\n\n<div id=\"fscf_div_clear1_11\" style=\"clear:both;\">\n  <div id=\"fscf_div_field1_11\" style=\"clear:left; float:left; width:99%; max-width:500px; margin-right:10px;\">\n    <div  id=\"fscf_label1_11\" style=\"text-align:left; padding-top:5px;\">\n      <label style=\"text-align:left;\" for=\"fscf_field1_11\">Ihre Telefonnummer<span style=\"text-align:left;\">*<\/span><\/label>\n    <\/div>\n    <div style=\"text-align:left;\">\n      <input style=\"text-align:left; margin:0; width:99%; max-width:500px;\" type=\"text\" id=\"fscf_field1_11\" name=\"Ihre-Telefonnummer\" value=\"\"  \/>\n    <\/div>\n  <\/div>\n<\/div>\n\n<div id=\"fscf_div_clear1_1\" style=\"clear:both;\">\n  <div id=\"fscf_div_field1_1\" style=\"clear:left; float:left; width:99%; max-width:500px; margin-right:10px;\">\n    <div style=\"text-align:left; padding-top:5px;\">\n      <label style=\"text-align:left;\" for=\"fscf_email1\">Email:<span style=\"text-align:left;\">*<\/span><\/label>\n    <\/div>\n    <div style=\"text-align:left;\">\n      <input style=\"text-align:left; margin:0; width:99%; max-width:500px;\" type=\"text\" id=\"fscf_email1\" name=\"email\" value=\"\"  readonly=\"readonly\" \/>\n    <\/div>\n  <\/div>\n<\/div>\n<div style=\"clear:both;\"><\/div>\n\n<div id=\"fscf_submit_div1\" style=\"text-align:left; clear:both; padding-top:15px;\">\n\t\t<input type=\"submit\" id=\"fscf_submit1\" style=\"cursor:pointer; margin:0;\" value=\"senden\"  onclick=\"this.disabled=true; this.value='Submitting...'; this.form.submit();\" \/> \n<\/div>\n\n<input type=\"hidden\" name=\"fscf_submitted\" value=\"0\" \/>\n<input type=\"hidden\" name=\"fs_postonce_1\" value=\"e26cbba5c4e9513fd100415df7b22031,1776156218\" \/>\n<input type=\"hidden\" name=\"si_contact_action\" value=\"send\" \/>\n<input type=\"hidden\" name=\"form_id\" value=\"1\" \/>\n<input type=\"hidden\" name=\"mailto_id\" value=\"1\" \/>\n\n<\/form>\n<\/div>\n<div style=\"clear:both;\"><\/div>\n\n<!-- Fast Secure Contact Form plugin 4.0.52 - end - FastSecureContactForm.com -->\n\n<h2><\/h2>\n<h2>Pers\u00f6nlicher Termin<\/h2>\n<p>Kommen Sie gerne pers\u00f6nlich zu uns! Wir Begr\u00fc\u00dfen Sie in unseren hellen B\u00fcror\u00e4umlichkeiten und erstellen Ihnen nach dem ersten Gespr\u00e4ch ein unverbindliches Angebot. Wir freuen uns auf Ihren Anruf zur Terminvereinbarung unter Tel. +49 5841 96 12 78.<\/p>\n<p>B\u00fcro L\u00fcchow\/Jeetzel: Kapellenstieg 9, 29439 L\u00fcchow<\/p>\n<p>Je nach Projektumfang kommen wir nat\u00fcrlich auch gerne zu Ihnen und lernen Sie und ihr Projekt kennen.<\/p>\n","protected":false},"excerpt":{"rendered":"<p>Hier erhalten Sie umgehend Auskunft zu Ihrer Anfrage! Wir freuen uns auf Sie und Ihr Projekt! Telefon +49 (0) 5841 96 12 78 (Mo.-Fr., 08.00 \u2013 16.00 Uhr) Email info@fehlhaber-gmbh.de Anfragenformular Pers\u00f6nlicher Termin Kommen Sie gerne pers\u00f6nlich zu uns! Wir Begr\u00fc\u00dfen Sie in unseren hellen B\u00fcror\u00e4umlichkeiten und erstellen Ihnen nach dem ersten Gespr\u00e4ch ein unverbindliches [&hellip;]<\/p>\n","protected":false},"author":1,"featured_media":0,"parent":0,"menu_order":0,"comment_status":"open","ping_status":"open","template":"","meta":{"_genesis_hide_title":false,"_genesis_hide_breadcrumbs":false,"_genesis_hide_singular_image":false,"_genesis_hide_footer_widgets":false,"_genesis_custom_body_class":"","_genesis_custom_post_class":"","_genesis_layout":"full-width-content","footnotes":""},"class_list":{"0":"post-36","1":"page","2":"type-page","3":"status-publish","5":"entry"},"_links":{"self":[{"href":"https:\/\/www.fehlhaber-gmbh.de\/index.php\/wp-json\/wp\/v2\/pages\/36"}],"collection":[{"href":"https:\/\/www.fehlhaber-gmbh.de\/index.php\/wp-json\/wp\/v2\/pages"}],"about":[{"href":"https:\/\/www.fehlhaber-gmbh.de\/index.php\/wp-json\/wp\/v2\/types\/page"}],"author":[{"embeddable":true,"href":"https:\/\/www.fehlhaber-gmbh.de\/index.php\/wp-json\/wp\/v2\/users\/1"}],"replies":[{"embeddable":true,"href":"https:\/\/www.fehlhaber-gmbh.de\/index.php\/wp-json\/wp\/v2\/comments?post=36"}],"version-history":[{"count":15,"href":"https:\/\/www.fehlhaber-gmbh.de\/index.php\/wp-json\/wp\/v2\/pages\/36\/revisions"}],"predecessor-version":[{"id":1160,"href":"https:\/\/www.fehlhaber-gmbh.de\/index.php\/wp-json\/wp\/v2\/pages\/36\/revisions\/1160"}],"wp:attachment":[{"href":"https:\/\/www.fehlhaber-gmbh.de\/index.php\/wp-json\/wp\/v2\/media?parent=36"}],"curies":[{"name":"wp","href":"https:\/\/api.w.org\/{rel}","templated":true}]}}